In base 5, what is -12102 + 0?
-12102
In base 2, what is 110010 - -100?
110110
In base 13, what is -15102 + -1?
-15103
In base 10, what is -3813 - -3?
-3810
In base 11, what is -2 + 41a?
418
In base 7, what is 53 - -1220?
1303
In base 2, what is -10000 + 10?
-1110
In base 7, what is 2 - -21120?
21122
In base 12, what is -2 + -69?
-6b
In base 6, what is 3 + 11532?
11535
In base 2, what is -1111110100 - 1100?
-10000000000
In base 15, what is -50c - -3?
-509
In base 2, what is 10000111100 - -11?
10000111111
In base 16, what is -be + 5?
-b9
In base 9, what is 22153 - 1?
22152
In base 16, what is 6 + -6e?
-68
In base 4, what is 21 + -22003?
-21322
In base 3, what is 20110 - -12?
20122
In base 13, what is 530 + -4?
529
In base 9, what is -1 + 35?
34
In base 7, what is 1 - -105?
106
In base 8, what is -35 - 4?
-41
In base 16, what is -40 - -1e?
-22
In base 5, what is -41 + 12?
-24
In base 5, what is -31 + -2323?
-2404
In base 7, what is 24 + 1031?
1055
In base 14, what is -27b + 4?
-277
In base 9, what is -4 - -28?
24
In base 11, what is 11 + -74?
-63
In base 9, what is 228 + -177?
41
In base 11, what is -1289 + -1?
-128a
In base 16, what is -3d9 - -3?
-3d6
In base 3, what is 100 - -111?
211
In base 4, what is -11 - 10333?
-11010
In base 16, what is -b0 + 4?
-ac
In base 4, what is -2113 + -2?
-2121
In base 6, what is 3 + 20334?
20341
In base 14, what is 988 + -1?
987
In base 5, what is -11420 + 12?
-11403
In base 2, what is 110110100 - -1?
110110101
In base 4, what is -3 + -11?
-20
In base 9, what is -360 - -1?
-358
In base 5, what is -3 + -34?
-42
In base 9, what is -1 - -767?
766
In base 4, what is 100003 + 0?
100003
In base 8, what is -2 + 570?
566
In base 6, what is -10 - -2051?
2041
In base 11, what is 8 + 130?
138
In base 15, what is -558 - 4?
-55c
In base 4, what is 31013 + 11?
31030
In base 4, what is 0 + -30313?
-30313
In base 8, what is 660 - -1?
661
In base 16, what is 2 + -2d?
-2b
In base 13, what is -86 - 2?
-88
In base 11, what is -61a + -3?
-622
In base 2, what is -1 - 1100?
-1101
In base 15, what is 4 - -182?
186
In base 13, what is 3 + 3a?
40
In base 9, what is 3 + -21?
-17
In base 10, what is 51 - 66?
-15
In base 10, what is 2 - -47?
49
In base 9, what is 5848 + 0?
5848
In base 6, what is -33110 - 4?
-33114
In base 16, what is -320 + e?
-312
In base 6, what is -1 - -30151?
30150
In base 12, what is -12 + 16a?
158
In base 7, what is 6201 - 12?
6156
In base 5, what is 10 + 212?
222
In base 9, what is 3 + 8876?
8880
In base 4, what is -1002 - 0?
-1002
In base 9, what is 3 - -1466?
1470
In base 4, what is 30 + 11?
101
In base 9, what is 326 - -4?
331
In base 14, what is 4 - -135?
139
In base 4, what is -332 + -21?
-1013
In base 12, what is -23 - 10?
-33
In base 15, what is -4 + -24?
-28
In base 13, what is -6b87 - 1?
-6b88
In base 4, what is 1233 - -10?
1303
In base 12, what is -120b - 5?
-1214
In base 3, what is -1022 - 20?
-1112
In base 16, what is 1fe + -5?
1f9
In base 3, what is 12 + -10222?
-10210
In base 8, what is -6726 + 0?
-6726
In base 12, what is -2199 - 3?
-21a0
In base 9, what is 133 - 22?
111
In base 8, what is -4 - 21?
-25
In base 10, what is 15 + 14?
29
In base 12, what is 32b + 3?
332
In base 4, what is -11 - 2320?
-2331
In base 5, what is 14 + 1?
20
In base 12, what is -11a + -5?
-123
In base 14, what is -1 - -32?
31
In base 7, what is -365 + 30?
-335
In base 16, what is -13 - -6?
-d
In base 7, what is -1 - -22?
21
In base 9, what is -44 + -4?
-48
In base 14, what is -198 - -c?
-18a
In base 13, what is 19 - -8?
24
In base 6, what is -3 - 15254?
-15301
In base 2, what is 1001011 + -1100?
111111
In base 10, what is 24 - -34?
58
In base 5, what is 0 - 1443?
-1443
In base 3, what is 0 + -110100?
-110100
In base 13, what is -2 + -1b18?
-1b1a
In base 13, what is 9 - -316?
322
In base 8, what is 62 + 1?
63
In base 4, what is 0 + -1011?
-1011
In base 5, what is 210104 + 3?
210112
In base 16, what is -1 - 8?
-9
In base 7, what is 214 - 12?
202
In base 13, what is -b - -3?
-8
In base 11, what is -1 - 445?
-446
In base 6, what is 12 - -20?
32
In base 7, what is 4 - 11?
-4
In base 14, what is -46 - 1?
-47
In base 2, what is -10110 - -1011001?
1000011
In base 11, what is -8 - -17?
a
In base 10, what is 5 - 30?
-25
In base 5, what is -32 + -4?
-41
In base 9, what is -2 + 72?
70
In base 13, what is 4 + 32?
36
In base 4, what is -3 + -21?
-30
In base 10, what is -5 - -1165?
1160
In base 10, what is -3767 - -1?
-3766
In base 14, what is 193 - -1?
194
In base 13, what is 297 + -47?
250
In base 14, what is -19 - 14?
-2d
In base 11, what is 4a0 + -4?
497
In base 6, what is -3 - 2330?
-2333
In base 4, what is -10 + -12031?
-12101
In base 8, what is 10 + 6221?
6231
In base 4, what is 12 + -1231?
-1213
In base 9, what is -15 - -65?
50
In base 13, what is -290 - 5?
-295
In base 16, what is 6c - -1?
6d
In base 13, what is c60 + 5?
c65
In base 15, what is 18e27 - 4?
18e23
In base 11, what is -1 + -16?
-17
In base 4, what is 3 + -33131?
-33122
In base 2, what is 101 + 111010010101?
111010011010
In base 9, what is 60 - 1?
58
In base 4, what is 102 - -22?
130
In base 7, what is 21 + 62?
113
In base 9, what is 11133 - 0?
11133
In base 5, what is -4 + -3?
-12
In base 2, what is -1101 + 10?
-1011
In base 11, what is 5 - -25?
2a
In base 11, what is 4 + -110?
-107
In base 7, what is -320 - 1?
-321
In base 5, what is 10140 - -2?
10142
In base 14, what is 157 + -5?
152
In base 13, what is 0 - 5?
-5
In base 4, what is -11313 - 0?
-11313
In base 8, what is 2 - 51?
-47
In base 12, what is 789 - 17?
772
In base 12, what is -4 - 160?
-164
In base 14, what is 9691 - -4?
9695
In base 12, what is 5 - -88?
91
In base 6, what is -341254 - -1?
-341253
In base 4, what is 110 + 13?
123
In base 12, what is 6 + -5?
1
In base 14, what is 5ac + 2?
5b0
In base 8, what is -171 + -7?
-200
In base 15, what is 2 - -2415?
2417
In base 6, what is 12 - -2?
14
In base 12, what is 1 + -125?
-124
In base 3, what is 1001112 + 12?
1001201
In base 14, what is -31 - -3?
-2c
In base 7, what is 1 - -212?
213
In base 6, what is -251 - -3?
-244
In base 10, what is -97 + -1?
-98
In base 12, what is 2 + -b98?
-b96
In base 16, what is 90 + -3?
8d
In base 6, what is -102 - 4?
-110
In base 7, what is 104 + -10?
64
In base 3, what is -11 - -102121?
102110
In base 9, what is 2838 + -7?
2831
In base 13, what is 2b + 9?
37
In base 8, what is -35 - -60?
23
In base 11, what is 17 + 7?
23
In base 16, what is -4 + -17?
-1b
In base 9, what is 138 + -3?
135
In base 11, what is a6 + -10?
96
In base 11, what is -3 + 103?
100
In base 5, what is -312 - 114?
-431
In base 8, what is 1 - 11374?
-11373
In base 4, what is 310 + -3?
301
In base 14, what is 4c6 + 1?
4c7
In base 2, what is -1001100 + -1000101?
-10010001
In base 16, what is 59 - 2f?
2a
In base 2, what is 1010 - 110100?
-101010
In base 13, what is 20a - -4?
211
In base 2, what is -111 - -1001100?
1000101
In base 4, what is 30031 + 10?
30101
In base 6, what is 4 - -311?
315
In base 9, what is -13065 + 5?
-13060
In base 14, what is 4 + c?
12
In base 2, what is 10111111 - -110?
11000101
In base 7, what is 3534 + 12?
3546
In base 9, what is 13 - 8?
4
In base 3, what is 22 + -12?
10
In base 15, what is 1 - 15c?
-15b
In base 8, what is -4 + -364?
-370
In base 4, what is -3 + 13220?
13211
In base 2, what is -1110000 + -1001?
-1111001
In base 3, what is 111 + 12011?
12122
In base 2, what is 1110 - -11100010110?
11100100100
In base 3, what is -200 - -200121?
122221
In base 7, what is 6 + -634?
-625
In base 11, what is 2110 - -4?
2114
In base 14, what is -368 + 4?
-364
In base 9, what is 53 + -4?
48
In base 6, what is 1105145 - 5?
1105140
In base 14, what is 8 + -49?
-41
In base 2, what is -111100111 - -100?
-111100011
In base 15, what is 2 - -90?
92
In base 4, what is 1 - -111?
112
In base 13, what is -40a - -2?
-408
In base 9, what is 567 + 1?
568
In base 11, what is 152 + -60?
a2
In base 5, what is 4 + -120420?
-120411
In base 10, what is 1110 - 2?
1108
In base 3, what is 2 + -12011?
-12002
In base 11, what is 5 - -88?
92
In base 3, what is 11 - -11?
22
In base 6, what is -54422 - 1?
-54423
In base 15, what is 7 + -b?
-4
In base 10, what is -1 + -505?
-506
In base 14, what is -5 - -634?
62d
In base 11, what is 4 - -210?
214
In base 13, what is -1b - 6a?